{"id":2102,"date":"2021-12-11T10:20:02","date_gmt":"2021-12-11T09:20:02","guid":{"rendered":"https:\/\/sergi-carbonell.com\/?post_type=product&#038;p=2102"},"modified":"2022-01-31T09:21:40","modified_gmt":"2022-01-31T08:21:40","slug":"disco-ubuntu-reserva-del-disco","status":"publish","type":"product","link":"https:\/\/sergi-carbonell.com\/index.php\/es\/producto\/disco-ubuntu-reserva-del-disco\/","title":{"rendered":"Disco Ubuntu"},"content":{"rendered":"<p>\u00c9ste es mi 4\u00ba disco de piano. Esta vez he querido ir un paso m\u00e1s all\u00e1, y en este camino de investigaci\u00f3n y aprendizaje he querido acompa\u00f1ar a mi piano con un cuarteto de cuerda. Las canciones ya han estado compuestas pensando en este formato, y esto me ha permitido trabajar el proceso de composici\u00f3n desde otro prisma y otros puntos de vista.<br \/>\nDe este movimiento musical, de esta conversaci\u00f3n entre el piano y los cuatro instrumentos de cuerda ha nacido &#8220;Ubuntu&#8221;.<\/p>\n","protected":false},"excerpt":{"rendered":"<p>\u00c9ste es mi 4\u00ba disco de piano. Esta vez he querido ir un paso m\u00e1s all\u00e1, y en este camino de investigaci\u00f3n y aprendizaje he querido acompa\u00f1ar a mi piano<a href=\"https:\/\/sergi-carbonell.com\/index.php\/es\/producto\/disco-ubuntu-reserva-del-disco\/\" class=\"more-link\"><span class=\"readmore\">Continue reading<span class=\"screen-reader-text\">Disco Ubuntu<\/span><\/span><\/a><\/p>\n","protected":false},"featured_media":2094,"template":"","meta":{"spay_email":""},"product_cat":[91],"product_tag":[],"_links":{"self":[{"href":"https:\/\/sergi-carbonell.com\/index.php\/wp-json\/wp\/v2\/product\/2102"}],"collection":[{"href":"https:\/\/sergi-carbonell.com\/index.php\/wp-json\/wp\/v2\/product"}],"about":[{"href":"https:\/\/sergi-carbonell.com\/index.php\/wp-json\/wp\/v2\/types\/product"}],"wp:featuredmedia":[{"embeddable":true,"href":"https:\/\/sergi-carbonell.com\/index.php\/wp-json\/wp\/v2\/media\/2094"}],"wp:attachment":[{"href":"https:\/\/sergi-carbonell.com\/index.php\/wp-json\/wp\/v2\/media?parent=2102"}],"wp:term":[{"taxonomy":"product_cat","embeddable":true,"href":"https:\/\/sergi-carbonell.com\/index.php\/wp-json\/wp\/v2\/product_cat?post=2102"},{"taxonomy":"product_tag","embeddable":true,"href":"https:\/\/sergi-carbonell.com\/index.php\/wp-json\/wp\/v2\/product_tag?post=2102"}],"curies":[{"name":"wp","href":"https:\/\/api.w.org\/{rel}","templated":true}]}}