{"id":1901,"date":"2021-05-29T13:04:15","date_gmt":"2021-05-29T11:04:15","guid":{"rendered":"http:\/\/sergi-carbonell.com\/?page_id=1901"},"modified":"2024-01-29T10:38:15","modified_gmt":"2024-01-29T09:38:15","slug":"live-sessions","status":"publish","type":"page","link":"https:\/\/sergi-carbonell.com\/index.php\/live-sessions\/","title":{"rendered":"Live Sessions"},"content":{"rendered":"<p>[vc_row][vc_column][vc_single_image image=&#8221;2485&#8243; img_size=&#8221;large&#8221;][vc_column_text]Com un pas m\u00e9s en el cam\u00ed d&#8217;experimentaci\u00f3 amb la m\u00fasica, em va venir de gust gravar uns quants temes en format de directe, rodejant-me de diferents m\u00fasics a qui admiro i aprecio. Algunes versions de can\u00e7ons que m&#8217;agraden i alguns temes propis que em venia de gust compartir.<\/p>\n<p>Jugant, compartint, aprenent, donant i rebent anem fent cam\u00ed. En la m\u00fasica i en la vida.[\/vc_column_text][\/vc_column][\/vc_row][vc_row css=&#8221;.vc_custom_1639300521608{margin-top: 70px !important;}&#8221;][vc_column][vc_column_text css=&#8221;.vc_custom_1662710012395{border-radius: 4px !important;}&#8221;]<\/p>\n<h1 style=\"text-align: center;\"><span style=\"color: #993366;\">LIVE SESSION VOL.4<\/span><\/h1>\n<p>[\/vc_column_text][\/vc_column][\/vc_row][vc_row][vc_column][vc_column_text css=&#8221;.vc_custom_1662710292569{margin-top: 70px !important;margin-left: 20px !important;}&#8221;]<\/p>\n<h3 class=\"p1\"><\/h3>\n<h3 class=\"style-scope ytd-watch-metadata\" style=\"text-align: center;\">Fix you feat. Cor Safari (Coldplay Cover)<\/h3>\n<p>[\/vc_column_text][\/vc_column][\/vc_row][vc_row][vc_column][vc_video link=&#8221;https:\/\/www.youtube.com\/watch?v=XXsDDgtV2cc&#038;ab_channel=SergiCarbonell&#8221;][\/vc_column][\/vc_row][vc_row][vc_column][vc_column_text css=&#8221;.vc_custom_1662710572630{margin-top: 70px !important;margin-left: 20px !important;}&#8221;]<\/p>\n<h3 class=\"p1\"><\/h3>\n<h3 class=\"style-scope ytd-watch-metadata\" style=\"text-align: center;\">Agua (Jarabe de Palo Cover)<\/h3>\n<p>[\/vc_column_text][\/vc_column][\/vc_row][vc_row][vc_column][vc_video link=&#8221;https:\/\/www.youtube.com\/watch?v=t8gF5AaSLgw&#038;list=PLXx29sYjWSLB-3HJMyiGOD2WK0S00nBFO&#038;index=2&#038;t=2s&#038;ab_channel=SergiCarbonell&#8221;][\/vc_column][\/vc_row][vc_row][vc_column][vc_column_text css=&#8221;.vc_custom_1662710639839{margin-top: 70px !important;margin-left: 20px !important;}&#8221;]<\/p>\n<h3 class=\"p1\"><\/h3>\n<h3 class=\"style-scope ytd-watch-metadata\" style=\"text-align: center;\">Gracias a la vida (Violeta Parra Cover)<\/h3>\n<p>[\/vc_column_text][\/vc_column][\/vc_row][vc_row][vc_column][vc_video link=&#8221;https:\/\/www.youtube.com\/watch?v=gG1lpyNwyxc&#038;list=PLXx29sYjWSLB-3HJMyiGOD2WK0S00nBFO&#038;index=3&#038;ab_channel=SergiCarbonell&#8221;][\/vc_column][\/vc_row][vc_row][vc_column][vc_column_text css=&#8221;.vc_custom_1662710681979{margin-top: 70px !important;margin-left: 20px !important;}&#8221;]<\/p>\n<h3 class=\"p1\"><\/h3>\n<h3 class=\"style-scope ytd-watch-metadata\" style=\"text-align: center;\">Et recordo (Txarango Cover)<\/h3>\n<p>[\/vc_column_text][\/vc_column][\/vc_row][vc_row][vc_column][vc_video link=&#8221;https:\/\/www.youtube.com\/watch?v=m0nVAnT3FgA&#038;list=PLXx29sYjWSLB-3HJMyiGOD2WK0S00nBFO&#038;index=4&#038;ab_channel=SergiCarbonell&#8221;][\/vc_column][\/vc_row][vc_row css=&#8221;.vc_custom_1639300720856{margin-top: 70px !important;}&#8221;][vc_column][vc_zigzag][\/vc_column][\/vc_row][vc_row css=&#8221;.vc_custom_1639300521608{margin-top: 70px !important;}&#8221;][vc_column][vc_column_text css=&#8221;.vc_custom_1639300567292{border-radius: 4px !important;}&#8221;]<\/p>\n<h1 style=\"text-align: center;\"><span style=\"color: #993366;\">LIVE SESSION VOL.3<\/span><\/h1>\n<p>[\/vc_column_text][\/vc_column][\/vc_row][vc_row][vc_column][vc_column_text css=&#8221;.vc_custom_1640080851505{margin-top: 70px !important;margin-left: 20px !important;}&#8221;]<\/p>\n<h3 class=\"p1\">\u00a0 \u00a0 \u00a0 \u00a0 \u00a0 \u00a0 \u00a0 \u00a0 \u00a0 \u00a0 \u00a0 \u00a0 \u00a0Zamba del olvido (Jorge Drexler Cover)<\/h3>\n<p>[\/vc_column_text][\/vc_column][\/vc_row][vc_row][vc_column][vc_video link=&#8221;https:\/\/www.youtube.com\/watch?v=U8hhdSudEY4&#038;ab_channel=SergiCarbonell&#8221;][\/vc_column][\/vc_row][vc_row][vc_column][vc_column_text css=&#8221;.vc_custom_1640081155816{margin-top: 70px !important;margin-left: 20px !important;}&#8221;]<\/p>\n<h3 class=\"p1\">\u00a0 \u00a0 \u00a0 \u00a0 \u00a0 \u00a0 \u00a0 \u00a0 \u00a0 \u00a0 \u00a0 El fugitiu (Xerramequ Tiquismiquis Cover)<\/h3>\n<p>[\/vc_column_text][\/vc_column][\/vc_row][vc_row][vc_column][vc_video link=&#8221;https:\/\/www.youtube.com\/watch?v=WoqFy6TecV8&#038;ab_channel=SergiCarbonell&#8221;][\/vc_column][\/vc_row][vc_row][vc_column][vc_column_text css=&#8221;.vc_custom_1639300801419{margin-top: 70px !important;margin-left: 20px !important;}&#8221;]<\/p>\n<h3 class=\"p1\">\u00a0 \u00a0 \u00a0 \u00a0 \u00a0 \u00a0 \u00a0 \u00a0 \u00a0 \u00a0 \u00a0 \u00a0 \u00a0 \u00a0 \u00a0 \u00a0 \u00a0 \u00a0 Rin Rin (El Kanka Cover)<\/h3>\n<p>[\/vc_column_text][\/vc_column][\/vc_row][vc_row][vc_column][vc_video link=&#8221;https:\/\/www.youtube.com\/watch?v=2N3N1szZ0PU&#038;ab_channel=SergiCarbonell&#8221;][\/vc_column][\/vc_row][vc_row css=&#8221;.vc_custom_1639300720856{margin-top: 70px !important;}&#8221;][vc_column][vc_zigzag][\/vc_column][\/vc_row][vc_row css=&#8221;.vc_custom_1639300521608{margin-top: 70px !important;}&#8221;][vc_column][vc_column_text css=&#8221;.vc_custom_1639300670089{border-radius: 4px !important;}&#8221;]<\/p>\n<h1 style=\"text-align: center;\"><span style=\"color: #993366;\">LIVE SESSION VOL.2<\/span><\/h1>\n<p>[\/vc_column_text][\/vc_column][\/vc_row][vc_row][vc_column][vc_column_text css=&#8221;.vc_custom_1639300854632{margin-top: 70px !important;margin-left: 20px !important;}&#8221;]<\/p>\n<h3 class=\"p1\">\u00a0 \u00a0 \u00a0 \u00a0 \u00a0 \u00a0 \u00a0 \u00a0 \u00a0 \u00a0 \u00a0 \u00a0 \u00a0 \u00a0 \u00a0 \u00a0 \u00a0 \u00a0 \u00a0 \u00a0 \u00a0 \u00a0 \u00a0 \u00a0 \u00a0Desaprenent<\/h3>\n<p>[\/vc_column_text][\/vc_column][\/vc_row][vc_row][vc_column][vc_video link=&#8221;https:\/\/www.youtube.com\/watch?v=BpscoKWQPKs&#038;t=7s&#8221;][\/vc_column][\/vc_row][vc_row][vc_column][vc_column_text css=&#8221;.vc_custom_1639300885680{margin-top: 70px !important;margin-left: 20px !important;}&#8221;]<\/p>\n<h3 class=\"p1\">\u00a0 \u00a0 \u00a0 \u00a0 \u00a0 Abril del 74 feat. Gemma Humet (Llu\u00eds Llach Cover)<\/h3>\n<p>[\/vc_column_text][\/vc_column][\/vc_row][vc_row][vc_column][vc_video link=&#8221;https:\/\/www.youtube.com\/watch?v=NmgQmibNUkY&#038;t=185s&#8221;][\/vc_column][\/vc_row][vc_row][vc_column][vc_column_text css=&#8221;.vc_custom_1639300936043{margin-top: 70px !important;margin-left: 20px !important;}&#8221;]<\/p>\n<h3 class=\"p1\">\u00a0 \u00a0 \u00a0 \u00a0 \u00a0 \u00a0 \u00a0Dulcito e coco feat. Sisco (Vicente Garcia Cover)<\/h3>\n<p>[\/vc_column_text][\/vc_column][\/vc_row][vc_row][vc_column][vc_video link=&#8221;https:\/\/www.youtube.com\/watch?v=ZcOOSv4A26U&#8221;][\/vc_column][\/vc_row][vc_row][vc_column][vc_column_text css=&#8221;.vc_custom_1639300986161{margin-top: 70px !important;margin-left: 20px !important;}&#8221;]<\/p>\n<h3 class=\"p1\">\u00a0 \u00a0 \u00a0 \u00a0 \u00a0 \u00a0 \u00a0 El cuarto de Tula (Buenavista Social Club Cover)<\/h3>\n<p>[\/vc_column_text][\/vc_column][\/vc_row][vc_row][vc_column][vc_video link=&#8221;https:\/\/www.youtube.com\/watch?v=svGCSAxR63w&#8221;][\/vc_column][\/vc_row][vc_row css=&#8221;.vc_custom_1639300720856{margin-top: 70px !important;}&#8221;][vc_column][vc_zigzag][\/vc_column][\/vc_row][vc_row css=&#8221;.vc_custom_1639300521608{margin-top: 70px !important;}&#8221;][vc_column][vc_column_text css=&#8221;.vc_custom_1639301219722{border-radius: 4px !important;}&#8221;]<\/p>\n<h1 style=\"text-align: center;\"><span style=\"color: #993366;\">LIVE SESSION VOL.1<\/span><\/h1>\n<p>[\/vc_column_text][\/vc_column][\/vc_row][vc_row][vc_column][vc_column_text css=&#8221;.vc_custom_1639301039342{margin-top: 70px !important;margin-left: 20px !important;}&#8221;]<\/p>\n<h3 class=\"p1\">\u00a0 \u00a0 \u00a0 \u00a0 \u00a0 \u00a0 \u00a0 \u00a0 \u00a0 \u00a0Flor de primavera (La Troba Kung-F\u00fa Cover)<\/h3>\n<p>[\/vc_column_text][\/vc_column][\/vc_row][vc_row][vc_column][vc_video link=&#8221;https:\/\/youtu.be\/eEp7wxi75MU&#8221;][\/vc_column][\/vc_row][vc_row][vc_column][vc_column_text css=&#8221;.vc_custom_1639301110498{margin-top: 40px !important;margin-left: 20px !important;}&#8221;]<\/p>\n<h3 class=\"p1\">\u00a0 \u00a0 \u00a0 \u00a0 \u00a0 \u00a0 \u00a0Siempre estoy so\u00f1ando (Fito&amp;Fitipaldis Cover)<\/h3>\n<p>[\/vc_column_text][\/vc_column][\/vc_row][vc_row css=&#8221;.vc_custom_1623953580393{margin-top: 00px !important;}&#8221;][vc_column][vc_video link=&#8221;https:\/\/www.youtube.com\/watch?v=r-lzil9ndSY&#8221;][\/vc_column][\/vc_row][vc_row][vc_column][vc_column_text css=&#8221;.vc_custom_1639301133596{margin-top: 70px !important;margin-left: 20px !important;}&#8221;]<\/p>\n<h3 class=\"p1\">\u00a0 \u00a0Zamba del emigrante feat. Raquel Lua (Ismael Serrano Cover)<\/h3>\n<p>[\/vc_column_text][\/vc_column][\/vc_row][vc_row][vc_column][vc_video link=&#8221;https:\/\/www.youtube.com\/watch?v=gURbAOm6NvE&#8221;][\/vc_column][\/vc_row][vc_row][vc_column][vc_column_text css=&#8221;.vc_custom_1639301167080{margin-top: 70px !important;margin-left: 200px !important;}&#8221;]<\/p>\n<h3 class=\"p1\">\u00a0 \u00a0 \u00a0 \u00a0 \u00a0 \u00a0 \u00a0 \u00a0 \u00a0 \u00a0 \u00a0 Si et quedes amb mi<\/h3>\n<p>[\/vc_column_text][vc_video link=&#8221;https:\/\/www.youtube.com\/watch?v=cXqeTpfxqmY&#038;t=1s&#8221;][\/vc_column][\/vc_row][vc_row][vc_column][\/vc_column][\/vc_row]<\/p>\n","protected":false},"excerpt":{"rendered":"<p>[vc_row][vc_column][vc_single_image image=&#8221;2485&#8243; img_size=&#8221;large&#8221;][vc_column_text]Com un pas m\u00e9s en el cam\u00ed d&#8217;experimentaci\u00f3 amb la m\u00fasica, em va venir de gust gravar uns quants temes en format de directe, rodejant-me de diferents m\u00fasics<a href=\"https:\/\/sergi-carbonell.com\/index.php\/live-sessions\/\" class=\"more-link\"><span class=\"readmore\">Continue reading<span class=\"screen-reader-text\">Live Sessions<\/span><\/span><\/a><\/p>\n","protected":false},"author":1,"featured_media":0,"parent":0,"menu_order":0,"comment_status":"closed","ping_status":"closed","template":"","meta":{"spay_email":""},"_links":{"self":[{"href":"https:\/\/sergi-carbonell.com\/index.php\/wp-json\/wp\/v2\/pages\/1901"}],"collection":[{"href":"https:\/\/sergi-carbonell.com\/index.php\/wp-json\/wp\/v2\/pages"}],"about":[{"href":"https:\/\/sergi-carbonell.com\/index.php\/wp-json\/wp\/v2\/types\/page"}],"author":[{"embeddable":true,"href":"https:\/\/sergi-carbonell.com\/index.php\/wp-json\/wp\/v2\/users\/1"}],"replies":[{"embeddable":true,"href":"https:\/\/sergi-carbonell.com\/index.php\/wp-json\/wp\/v2\/comments?post=1901"}],"version-history":[{"count":14,"href":"https:\/\/sergi-carbonell.com\/index.php\/wp-json\/wp\/v2\/pages\/1901\/revisions"}],"predecessor-version":[{"id":2488,"href":"https:\/\/sergi-carbonell.com\/index.php\/wp-json\/wp\/v2\/pages\/1901\/revisions\/2488"}],"wp:attachment":[{"href":"https:\/\/sergi-carbonell.com\/index.php\/wp-json\/wp\/v2\/media?parent=1901"}],"curies":[{"name":"wp","href":"https:\/\/api.w.org\/{rel}","templated":true}]}}