{"id":1702,"date":"2020-11-05T19:24:01","date_gmt":"2020-11-05T18:24:01","guid":{"rendered":"http:\/\/sergi-carbonell.com\/?page_id=1702"},"modified":"2021-12-03T16:56:41","modified_gmt":"2021-12-03T15:56:41","slug":"els-carbonell-3","status":"publish","type":"page","link":"https:\/\/sergi-carbonell.com\/index.php\/en\/els-carbonell-3\/","title":{"rendered":"Els Carbonell"},"content":{"rendered":"<p>[vc_row][vc_column width=&#8221;1\/2&#8243;][vc_column_text]Small format poetry and music show, created by Sergi Carbonell and his father, director and theater teacher Janot Carbonell.<br \/>\nThrough the highlights of their lives they review poems and songs that have accompanied all those experiences. Lorca, Mart\u00ed i Pol, Estell\u00e9s, Maria Merc\u00e8 Mar\u00e7al, Llach, Emel Mathlouthi, Galeano and Silvio Rodriguez are some of the authors who are part of it.<br \/>\nInseparable the human and social side, poems and songs full of commitment and sensitivity.<br \/>\nAccompanied on stage by Joan Pal\u00e0 on percussion and Pau Castellv\u00ed on guitar and bass.[\/vc_column_text][\/vc_column][vc_column width=&#8221;1\/2&#8243;][vc_single_image image=&#8221;2073&#8243; img_size=&#8221;large&#8221; style=&#8221;vc_box_shadow&#8221;][\/vc_column][\/vc_row][vc_row css=&#8221;.vc_custom_1604757159026{margin-top: 50px !important;}&#8221;][vc_column][vc_video link=&#8221;https:\/\/youtu.be\/dOwJ1Tp7hkw&#8221;][\/vc_column][\/vc_row]<\/p>\n","protected":false},"excerpt":{"rendered":"<p>[vc_row][vc_column width=&#8221;1\/2&#8243;][vc_column_text]Small format poetry and music show, created by Sergi Carbonell and his father, director and theater teacher Janot Carbonell. Through the highlights of their lives they review poems and<a href=\"https:\/\/sergi-carbonell.com\/index.php\/en\/els-carbonell-3\/\" class=\"more-link\"><span class=\"readmore\">Continue reading<span class=\"screen-reader-text\">Els Carbonell<\/span><\/span><\/a><\/p>\n","protected":false},"author":1,"featured_media":0,"parent":0,"menu_order":0,"comment_status":"closed","ping_status":"closed","template":"","meta":{"spay_email":""},"_links":{"self":[{"href":"https:\/\/sergi-carbonell.com\/index.php\/wp-json\/wp\/v2\/pages\/1702"}],"collection":[{"href":"https:\/\/sergi-carbonell.com\/index.php\/wp-json\/wp\/v2\/pages"}],"about":[{"href":"https:\/\/sergi-carbonell.com\/index.php\/wp-json\/wp\/v2\/types\/page"}],"author":[{"embeddable":true,"href":"https:\/\/sergi-carbonell.com\/index.php\/wp-json\/wp\/v2\/users\/1"}],"replies":[{"embeddable":true,"href":"https:\/\/sergi-carbonell.com\/index.php\/wp-json\/wp\/v2\/comments?post=1702"}],"version-history":[{"count":7,"href":"https:\/\/sergi-carbonell.com\/index.php\/wp-json\/wp\/v2\/pages\/1702\/revisions"}],"predecessor-version":[{"id":2074,"href":"https:\/\/sergi-carbonell.com\/index.php\/wp-json\/wp\/v2\/pages\/1702\/revisions\/2074"}],"wp:attachment":[{"href":"https:\/\/sergi-carbonell.com\/index.php\/wp-json\/wp\/v2\/media?parent=1702"}],"curies":[{"name":"wp","href":"https:\/\/api.w.org\/{rel}","templated":true}]}}