{"id":1542,"date":"2020-10-31T22:49:15","date_gmt":"2020-10-31T21:49:15","guid":{"rendered":"http:\/\/sergi-carbonell.com\/?page_id=1542"},"modified":"2021-12-03T16:57:20","modified_gmt":"2021-12-03T15:57:20","slug":"els-carbonell","status":"publish","type":"page","link":"https:\/\/sergi-carbonell.com\/index.php\/els-carbonell\/","title":{"rendered":"Els Carbonell"},"content":{"rendered":"<p>[vc_row][vc_column width=&#8221;1\/2&#8243;][vc_column_text]<\/p>\n<div dir=\"auto\">Espectacle de poesia i m\u00fasica de petit format, creat pel Sergi Carbonell i el seu pare, el director i professor de teatre Janot Carbonell.<\/div>\n<div dir=\"auto\">A trav\u00e9s dels moments destacats de les seves vides fan un rep\u00e0s a poemes i can\u00e7ons que han acompanyat totes aquelles viv\u00e8ncies. Lorca, Mart\u00ed i Pol, Estell\u00e9s, Maria Merc\u00e8 Mar\u00e7al, Llach, Emel Mathlouthi, Galeano o Silvio Rodriguez, s\u00f3n alguns dels autors que en formen part.<\/div>\n<div dir=\"auto\">Inseperable la vessant humana i la social, poemes i can\u00e7ons plenes de comprom\u00eds i sensibilitat.<\/div>\n<div dir=\"auto\">Acompanyats a l&#8217;escenari per Joan Pal\u00e0 a la percussi\u00f3 i Pau Castellv\u00ed a la guitarra i el baix.<\/div>\n<p>[\/vc_column_text][\/vc_column][vc_column width=&#8221;1\/2&#8243;][vc_single_image image=&#8221;2075&#8243; img_size=&#8221;large&#8221; style=&#8221;vc_box_shadow&#8221;][\/vc_column][\/vc_row][vc_row css=&#8221;.vc_custom_1604757159026{margin-top: 50px !important;}&#8221;][vc_column][vc_video link=&#8221;https:\/\/youtu.be\/dOwJ1Tp7hkw&#8221;][\/vc_column][\/vc_row]<\/p>\n","protected":false},"excerpt":{"rendered":"<p>[vc_row][vc_column width=&#8221;1\/2&#8243;][vc_column_text] Espectacle de poesia i m\u00fasica de petit format, creat pel Sergi Carbonell i el seu pare, el director i professor de teatre Janot Carbonell. A trav\u00e9s dels moments<a href=\"https:\/\/sergi-carbonell.com\/index.php\/els-carbonell\/\" class=\"more-link\"><span class=\"readmore\">Continue reading<span class=\"screen-reader-text\">Els Carbonell<\/span><\/span><\/a><\/p>\n","protected":false},"author":1,"featured_media":0,"parent":0,"menu_order":0,"comment_status":"closed","ping_status":"closed","template":"","meta":{"spay_email":""},"_links":{"self":[{"href":"https:\/\/sergi-carbonell.com\/index.php\/wp-json\/wp\/v2\/pages\/1542"}],"collection":[{"href":"https:\/\/sergi-carbonell.com\/index.php\/wp-json\/wp\/v2\/pages"}],"about":[{"href":"https:\/\/sergi-carbonell.com\/index.php\/wp-json\/wp\/v2\/types\/page"}],"author":[{"embeddable":true,"href":"https:\/\/sergi-carbonell.com\/index.php\/wp-json\/wp\/v2\/users\/1"}],"replies":[{"embeddable":true,"href":"https:\/\/sergi-carbonell.com\/index.php\/wp-json\/wp\/v2\/comments?post=1542"}],"version-history":[{"count":7,"href":"https:\/\/sergi-carbonell.com\/index.php\/wp-json\/wp\/v2\/pages\/1542\/revisions"}],"predecessor-version":[{"id":2076,"href":"https:\/\/sergi-carbonell.com\/index.php\/wp-json\/wp\/v2\/pages\/1542\/revisions\/2076"}],"wp:attachment":[{"href":"https:\/\/sergi-carbonell.com\/index.php\/wp-json\/wp\/v2\/media?parent=1542"}],"curies":[{"name":"wp","href":"https:\/\/api.w.org\/{rel}","templated":true}]}}